{"id":11,"date":"2020-09-01T22:59:21","date_gmt":"2020-09-01T22:59:21","guid":{"rendered":"https:\/\/plancarteapan.edu.mx\/?page_id=11"},"modified":"2020-09-02T15:28:35","modified_gmt":"2020-09-02T15:28:35","slug":"secundria","status":"publish","type":"page","link":"https:\/\/plancarteapan.edu.mx\/?page_id=11","title":{"rendered":"Secundaria"},"content":{"rendered":"\n<p>La Secundaria del <strong>Colegio Plancarte de Apan<\/strong>&#8230;.<\/p>\n\n\n\n<figure class=\"wp-block-image size-large\"><img loading=\"lazy\" width=\"1024\" height=\"512\" src=\"https:\/\/plancarteapan.edu.mx\/wp-content\/uploads\/2020\/09\/WhatsApp-Image-2020-07-03-at-20.03.35-1-1024x512.jpeg\" alt=\"\" class=\"wp-image-53\" srcset=\"https:\/\/plancarteapan.edu.mx\/wp-content\/uploads\/2020\/09\/WhatsApp-Image-2020-07-03-at-20.03.35-1-1024x512.jpeg 1024w, https:\/\/plancarteapan.edu.mx\/wp-content\/uploads\/2020\/09\/WhatsApp-Image-2020-07-03-at-20.03.35-1-300x150.jpeg 300w, https:\/\/plancarteapan.edu.mx\/wp-content\/uploads\/2020\/09\/WhatsApp-Image-2020-07-03-at-20.03.35-1-768x384.jpeg 768w, https:\/\/plancarteapan.edu.mx\/wp-content\/uploads\/2020\/09\/WhatsApp-Image-2020-07-03-at-20.03.35-1.jpeg 1040w\" sizes=\"(max-width: 1024px) 100vw, 1024px\" \/><\/figure>\n\n\n\n<h2>Educaci\u00f3n del Coraz\u00f3n<\/h2>\n\n\n\n<p>La educaci\u00f3n del coraz\u00f3n consiste principalmente en la formaci\u00f3n de la voluntad<\/p>\n\n\n\n<figure class=\"wp-block-image size-large is-style-rounded\"><img loading=\"lazy\" width=\"768\" height=\"1024\" src=\"https:\/\/plancarteapan.edu.mx\/wp-content\/uploads\/2020\/09\/WhatsApp-Image-2020-07-03-at-20.03.35-768x1024.jpeg\" alt=\"\" class=\"wp-image-54\" srcset=\"https:\/\/plancarteapan.edu.mx\/wp-content\/uploads\/2020\/09\/WhatsApp-Image-2020-07-03-at-20.03.35-768x1024.jpeg 768w, https:\/\/plancarteapan.edu.mx\/wp-content\/uploads\/2020\/09\/WhatsApp-Image-2020-07-03-at-20.03.35-225x300.jpeg 225w, https:\/\/plancarteapan.edu.mx\/wp-content\/uploads\/2020\/09\/WhatsApp-Image-2020-07-03-at-20.03.35.jpeg 780w\" sizes=\"(max-width: 768px) 100vw, 768px\" \/><\/figure>\n","protected":false},"excerpt":{"rendered":"<p>La Secundaria del Colegio Plancarte de Apan&#8230;. Educaci\u00f3n del Coraz\u00f3n La educaci\u00f3n del coraz\u00f3n consiste principalmente en la formaci\u00f3n de la voluntad<\/p>\n","protected":false},"author":1,"featured_media":0,"parent":0,"menu_order":0,"comment_status":"closed","ping_status":"closed","template":"","meta":[],"_links":{"self":[{"href":"https:\/\/plancarteapan.edu.mx\/index.php?rest_route=\/wp\/v2\/pages\/11"}],"collection":[{"href":"https:\/\/plancarteapan.edu.mx\/index.php?rest_route=\/wp\/v2\/pages"}],"about":[{"href":"https:\/\/plancarteapan.edu.mx\/index.php?rest_route=\/wp\/v2\/types\/page"}],"author":[{"embeddable":true,"href":"https:\/\/plancarteapan.edu.mx\/index.php?rest_route=\/wp\/v2\/users\/1"}],"replies":[{"embeddable":true,"href":"https:\/\/plancarteapan.edu.mx\/index.php?rest_route=%2Fwp%2Fv2%2Fcomments&post=11"}],"version-history":[{"count":2,"href":"https:\/\/plancarteapan.edu.mx\/index.php?rest_route=\/wp\/v2\/pages\/11\/revisions"}],"predecessor-version":[{"id":55,"href":"https:\/\/plancarteapan.edu.mx\/index.php?rest_route=\/wp\/v2\/pages\/11\/revisions\/55"}],"wp:attachment":[{"href":"https:\/\/plancarteapan.edu.mx\/index.php?rest_route=%2Fwp%2Fv2%2Fmedia&parent=11"}],"curies":[{"name":"wp","href":"https:\/\/api.w.org\/{rel}","templated":true}]}}

<p>La Secundaria del <strong>Colegio Plancarte de Apan</strong>&#8230;.</p>



<figure class="wp-block-image size-large"><img loading="lazy" width="1024" height="512" src="https://plancarteapan.edu.mx/wp-content/uploads/2020/09/WhatsApp-Image-2020-07-03-at-20.03.35-1-1024x512.jpeg" alt="" class="wp-image-53" srcset="https://plancarteapan.edu.mx/wp-content/uploads/2020/09/WhatsApp-Image-2020-07-03-at-20.03.35-1-1024x512.jpeg 1024w, https://plancarteapan.edu.mx/wp-content/uploads/2020/09/WhatsApp-Image-2020-07-03-at-20.03.35-1-300x150.jpeg 300w, https://plancarteapan.edu.mx/wp-content/uploads/2020/09/WhatsApp-Image-2020-07-03-at-20.03.35-1-768x384.jpeg 768w, https://plancarteapan.edu.mx/wp-content/uploads/2020/09/WhatsApp-Image-2020-07-03-at-20.03.35-1.jpeg 1040w" sizes="(max-width: 1024px) 100vw, 1024px" /></figure>



<h2>Educación del Corazón</h2>



<p>La educación del corazón consiste principalmente en la formación de la voluntad</p>



<figure class="wp-block-image size-large is-style-rounded"><img loading="lazy" width="768" height="1024" src="https://plancarteapan.edu.mx/wp-content/uploads/2020/09/WhatsApp-Image-2020-07-03-at-20.03.35-768x1024.jpeg" alt="" class="wp-image-54" srcset="https://plancarteapan.edu.mx/wp-content/uploads/2020/09/WhatsApp-Image-2020-07-03-at-20.03.35-768x1024.jpeg 768w, https://plancarteapan.edu.mx/wp-content/uploads/2020/09/WhatsApp-Image-2020-07-03-at-20.03.35-225x300.jpeg 225w, https://plancarteapan.edu.mx/wp-content/uploads/2020/09/WhatsApp-Image-2020-07-03-at-20.03.35.jpeg 780w" sizes="(max-width: 768px) 100vw, 768px" /></figure>

<p>La Secundaria del Colegio Plancarte de Apan&#8230;. Educación del Corazón La educación del corazón consiste principalmente en la formación de la voluntad</p>
